3 composite?
True
Is 502603877 prime?
False
Is 384530059 a prime number?
True
Is 38290823 a composite number?
True
Is 1602866647 prime?
True
Is 46571879 a composite number?
False
Is 1156763 a prime number?
False
Is 836201371 composite?
False
Is 3700691 a composite number?
False
Is 249039019 a prime number?
True
Is 1065937 prime?
True
Is 19129271 a composite number?
True
Is 1157969 prime?
True
Is 70016429 a composite number?
True
Is 683591 composite?
False
Is 48449783 prime?
False
Is 146150141 prime?
False
Is 109959469 prime?
False
Is 63337637 a composite number?
True
Is 59155123 prime?
True
Is 1879723 composite?
False
Is 480235207 prime?
True
Is 3726187 composite?
False
Is 343936223 a composite number?
False
Is 2155939 a prime number?
False
Is 766601 a composite number?
True
Is 290461893 prime?
False
Is 2481187 a composite number?
False
Is 100828009 composite?
False
Is 3921677 prime?
True
Is 139763921 prime?
False
Is 4855211 a composite number?
False
Is 542517829 composite?
True
Is 961003 a prime number?
True
Is 289387729 prime?
False
Is 560459 prime?
True
Is 354871 prime?
False
Is 7642293 a composite number?
True
Is 62806493 composite?
False
Is 8426931 a composite number?
True
Is 67597373 a prime number?
True
Is 6166099 composite?
False
Is 26357993 composite?
False
Is 219086537 a composite number?
True
Is 384391943 a composite number?
True
Is 20177713 prime?
True
Is 171282599 a prime number?
False
Is 32219879 a composite number?
True
Is 11606263 composite?
True
Is 10599781 a composite number?
True
Is 6864469 a prime number?
False
Is 11299733 a composite number?
True
Is 74911649 a prime number?
True
Is 12360817 a prime number?
False
Is 249797927 composite?
True
Is 89467 composite?
True
Is 86718937 prime?
True
Is 424383 a composite number?
True
Is 1885703 composite?
False
Is 41100119 composite?
True
Is 2204477 a prime number?
False
Is 155157851 prime?
True
Is 324251 a composite number?
False
Is 42968141 prime?
True
Is 4140397 composite?
False
Is 14403247 prime?
False
Is 25752707 a prime number?
False
Is 16372007 composite?
False
Is 398774582 a composite number?
True
Is 324296293 a prime number?
True
Is 42053909 a composite number?
True
Is 14851513 a composite number?
False
Is 71408963 a prime number?
True
Is 2232793 composite?
False
Is 51969431 prime?
True
Is 3924881 composite?
True
Is 382229 a composite number?
False
Is 284287 a composite number?
True
Is 10742737 prime?
True
Is 24690577 a prime number?
True
Is 559667 a prime number?
True
Is 345117257 composite?
False
Is 21336467 prime?
True
Is 130819487 prime?
True
Is 20257333 a prime number?
True
Is 29798507 composite?
False
Is 1366597 a prime number?
True
Is 10969733 prime?
True
Is 3039823 prime?
True
Is 358069 a prime number?
True
Is 6188981 prime?
True
Is 6254957 prime?
False
Is 11863457 a prime number?
True
Is 89331737 prime?
False
Is 1234687 a prime number?
True
Is 9952469 a composite number?
False
Is 632813 prime?
True
Is 630733 composite?
False
Is 606521 a composite number?
False
Is 272249971 a prime number?
False
Is 1702306 composite?
True
Is 1776527 prime?
False
Is 37148053 prime?
True
Is 1192888657 a composite number?
True
Is 19254143 a composite number?
False
Is 890501 composite?
False
Is 13537063 composite?
True
Is 912227 a composite number?
False
Is 36758633 composite?
True
Is 175946887 composite?
False
Is 6091207 composite?
False
Is 25880159 a prime number?
True
Is 111699629 composite?
True
Is 2279917 a composite number?
True
Is 9488833 a prime number?
True
Is 48608459 composite?
False
Is 110431511 a composite number?
False
Is 5443891 a composite number?
False
Is 43957 prime?
False
Is 19422209 a prime number?
True
Is 49325189 prime?
True
Is 3125337 a prime number?
False
Is 10736477 a prime number?
True
Is 50780749 a composite number?
True
Is 178798033 a composite number?
False
Is 4586761 a composite number?
True
Is 470007253 prime?
False
Is 748620917 a prime number?
False
Is 152123 a prime number?
True
Is 1934435731 a prime number?
True
Is 7952309 composite?
False
Is 3329429 a prime number?
False
Is 235287287 composite?
False
Is 68433787 a prime number?
False
Is 122734421 a composite number?
False
Is 2856043 a composite number?
True
Is 20795143 composite?
False
Is 3426481 a prime number?
False
Is 413000871 a composite number?
True
Is 13922191 a composite number?
True
Is 2674267 a composite number?
False
Is 87593219 a composite number?
True
Is 29336693 prime?
True
Is 7478831 a prime number?
True
Is 548323 prime?
True
Is 1999657 a prime number?
False
Is 4214881 a prime number?
False
Is 13579921 a prime number?
True
Is 496123 composite?
False
Is 5518489 a composite number?
True
Is 3911393 a composite number?
True
Is 34200449 prime?
False
Is 11153381 composite?
False
Is 3062222 a prime number?
False
Is 37374263 a prime number?
False
Is 154419949 prime?
False
Is 220721257 a prime number?
True
Is 2053286131 a composite number?
True
Is 238588813 composite?
False
Is 4049533 composite?
False
Is 296534435 a prime number?
False
Is 4323871 composite?
True
Is 1606409 composite?
True
Is 441713 composite?
False
Is 2350219 a composite number?
False
Is 116043121 a composite number?
True
Is 1269679 prime?
False
Is 11382841 a prime number?
False
Is 41882173 a prime number?
False
Is 4650661 a prime number?
True
Is 507148687 composite?
False
Is 67966166 composite?
True
Is 694212091 prime?
True
Is 824489 a prime number?
True
Is 2355924541 composite?
False
Is 17381747 a composite number?
True
Is 3807901 a composite number?
False
Is 364103 composite?
False
Is 2309633 a prime number?
True
Is 240583115 composite?
True
Is 100243303 a composite number?
False
Is 22819465 prime?
False
Is 58321 composite?
False
Is 11846851 prime?
True
Is 5294279 a composite number?
False
Is 12724237 a composite number?
True
Is 16194259 prime?
True
Is 673811 a prime number?
True
Is 147324953 prime?
False
Is 25868567 a composite number?
False
Is 45531931 prime?
False
Is 4946287 prime?
False
Is 10906043 a composite number?
False
Is 110419 a prime number?
True
Is 6508027 prime?
True
Is 235632107 a composite number?
True
Is 9287633 a prime number?
False
Is 3979031 a prime number?
False
Is 208772143 prime?
True
Is 3061823 a composite number?
False
Is 5507795 composite?
True
Is 36567149 a prime number?
True
Is 2550253 a prime number?
True
Is 531661 prime?
False
Is 2828179 prime?
True
Is 58048467 prime?
False
Is 1242433 prime?
False
Is 8846449 prime?
True
Is 25070399 a prime number?
False
Is 249019 a prime number?
False
Is 32176723 a prime number?
True
Is 97913 a composite number?
True
Is 272435587 composite?
False
Is 5848417 composite?
True
Is 272480399 prime?
True
Is 8104441 a composite number?
True
Is 1826941 prime?
False
Is 9540605 prime?
False
Is 61389233 a prime number?
True
Is 675551 prime?
True
Is 5298603 composite?
True
Is 48409213 a composite number?
False
Is 1994971 a prime number?
False
Is 1989497 a prime number?
False
Is 108303029 composite?
True
Is 23375507 a composite number?
False
Is 16237 composite?
True
Is 9877807 a prime number?
False
Is 73135 prime?
False
Is 5284891 a composite number?
False
Is 6392497 a composite number?
False
Is 127963793 composite?
False
Is 1252123 a composite number?
False
Is 1053706 a prime number?
False
Is 561211909 a prime number?
True
Is 29915786 composite?
True
Is 20967457 prime?
False
Is 24820501 a composite number?
False
Is 18084211 a composite number?
False
Is 4132481 a prime number?
False
Is 50218841 composite?
False
Is 210985 composite?
True
Is 8699351 prime?
True
Is 2648873 prime?
False
Is 206602607 a prime number?
False
Is 3868874 prime?
False
Is 79203793 prime?
True
Is 271246637 a composite number?
False
Is 246172349 a composite number?
False
Is 650757329 a composite number?
True
Is 43148579 a prime number?
True
Is 5808059 composite?
False
Is 103050611 composite?
False
Is 20149061 composite?
False
Is 1820334679 prime?
True
Is 259996067 a composite number?
True
Is 12813497 a composite number?
False
Is 87161537 a prime number?
False
Is 131816869 a prime number?
False
Is 5529683 composite?
True
Is 2176121 composite?
False
Is 2652983 composite?
False
Is 116410163 a prime number?
False
Is 32817137 composite?
True
Is 2007757 composite?
True
Is 74121826 a prime number?
False
Is 7543